s g a prime number?
False
Suppose 13*t + 3*l = 14*t - 422, 1266 = 3*t + 2*l. Is t a composite number?
True
Suppose -3*j + 91091 = -2*b + 7*b, 72858 = 4*b - 5*j. Is b a prime number?
True
Let h be (10/8)/(11/44). Let k = -13 + h. Is ((-270)/k + -2)*4 prime?
True
Let t(w) = -w**2 + 5*w - 4. Let m be t(4). Let f be (m - -6)/(33/22). Suppose -f*o = -8*o + 708. Is o a prime number?
False
Suppose -m = -2*h + 8, 0 = 3*h + 5*m - 6 - 19. Suppose 4*d - j - 4252 = 786, -2*d + h*j = -2528. Is d a composite number?
False
Is 0 - (-40850)/70 - 8/14 composite?
True
Let u be -2 + (0 - -3) - -7. Suppose 1 = -m + 4*t + 11, 2*m = 2*t + u. Is (-12)/18*(-987)/m prime?
False
Let i(w) = -w**2 - 10*w - 9. Let t be i(-8). Let b be (t - 8)/((-1)/(-2)). Is b/4 + (-2140)/(-40) composite?
False
Suppose -4*t + 9531 + 7997 = 0. Suppose 4*a - 5*n = 3481, 0 = -5*a - 3*n - n + t. Suppose 0 = -4*f + 4*v + 1232, -5*f - 4*v + 2405 = a. Is f composite?
False
Let a = -2 + 20. Suppose l - 5*f = -f + a, -l - 2*f = 6. Suppose 84 = 6*t - l*t. Is t prime?
False
Let o be 223*(2 + -16 + 3). Is (o/33)/((-1)/3) a prime number?
True
Suppose -31*z + 32*z + 2 = 0, 3*x = z + 77069. Is x composite?
True
Suppose 3*u - 3987 = -0*u. Suppose k + 4*b + u = 4*k, k + b - 450 = 0. Let g = 472 + k. Is g a prime number?
True
Let o(r) = -r**3 - 15*r**2 - 19*r + 29. Let t(h) = -h**2 + 8*h - 25. Let u be t(7). Is o(u) a prime number?
False
Let b = 72772 + -49055. Is b a prime number?
False
Let h be 0*2/(-4) + 20 + -16. Suppose 229 = y - h*q, y + 3*y - 3*q - 877 = 0. Is y a prime number?
False
Is 4/((-8)/(-2) - 0) + 3540 prime?
True
Let i be -116*1*-1*(-108)/(-48). Let u be (-584)/(-6) - 1/3. Suppose -2*r + 5*x + i = r, -u = -r + 5*x. Is r prime?
False
Suppose -45570 = -5*u + 5*l, -u + 9120 = l - 4*l. Is u composite?
True
Let j be (1 - -1)*(647 + 11). Suppose 3*y = -y + j. Is y prime?
False
Suppose 0 = 4*y + d + 20, -5*y - 5 = -4*d - 1. Let m be y/6 - (-6640)/60. Suppose 235 = 3*n - m. Is n composite?
True
Suppose -k + 3 = 2*k. Is (k - 2694/4)/((-5)/10) composite?
True
Suppose 36*u - 2523280 = 20*u. Is u a prime number?
False
Let l(i) = -2*i**3 + i**2 - 2*i + 4122. Let k be l(0). Suppose -k = -2*a + 2204. Is a prime?
True
Suppose -21*k - 46881 = -30*k. Is k a prime number?
True
Let g = -3 - -6. Suppose -a - g*a - 24 = 0. Is (36/(-24))/(a/580) composite?
True
Suppose -4*q - 50379 = -5*h, -5*q = -3*h + 5*h - 20178. Is h composite?
False
Suppose 4*y - 54288 = -5*t, 3*y - 2*y = -2*t + 13569. Is y a composite number?
False
Let b(k) = k + 10. Let g(v) = -v**2 + 8*v - 7. Let x be g(6). Is b(x) a composite number?
True
Suppose -3*p + 0*p = o - 125138, -o = -5. Is p a prime number?
False
Let f = 2882 - 1837. Suppose u = -5*n + 1736, f = n + 2*n + 4*u. Is n a composite number?
False
Let f = 28976 + -18223. Is f composite?
False
Suppose -v = o + o - 112, -2*o + 112 = 4*v. Let i be ((-2)/6)/(14/1554). Let z = i + o. Is z prime?
True
Let o = 100 + 4461. Is o a prime number?
True
Let z = 26143 - -41118. Is z prime?
True
Let z(y) = -365*y + 271. Is z(-14) a composite number?
False
Suppose 5*h - 2*f = 7*h - 1456, -3*h = -2*f - 2159. Is h a composite number?
True
Let q(l) = 121*l + 137. Is q(16) a composite number?
True
Suppose 45*z = 40*z + 85. Suppose 10*m + 469 = z*m. Is m prime?
True
Let k(a) = 84*a - 43. Let n be k(-7). Let y = 10 - n. Is y composite?
False
Let f(w) = w - 1. Let k = 15 - 16. Let o(a) = a**2 - 4*a - 262. Let y(t) = k*o(t) - 5*f(t). Is y(0) a composite number?
True
Suppose 16 = 7*y - 19. Suppose -5*z = -y*m + 3245, 6*m - 3*m - 1935 = -3*z. Is m a composite number?
False
Suppose -2*v - 4*a = -2202, 847 = 5*v + 5*a - 4678. Is v prime?
True
Suppose 5*u = -g + 24, 0 = -4*g + g + 5*u - 8. Is (-3 + g)/((-1)/(-65)) a prime number?
False
Let c be ((-233)/(-1))/(5 + -4). Let o = c + 198. Suppose -y = -3*n + 614, -n - o = -3*n + 5*y. Is n composite?
True
Let a(n) = 3621*n**2 - 10*n + 45. Is a(4) composite?
True
Let b = 58 - 55. Suppose 998 = 5*c - b*l, -c - 4*l + 394 = c. Is c a prime number?
True
Let a = 30 + -29. Let u be a + (-6)/(-3) - 3. Suppose u*k + 92 = 2*k. Is k a composite number?
True
Suppose 0 = 74*k - 79*k + 3935. Is k a prime number?
True
Let j(h) = 7*h**2 + 2*h - 1. Let w be j(1). Is (-2)/w + 2*(-690)/(-16) prime?
False
Let c(u) = 10*u + 1. Let z be c(3). Suppose o + 34 + 1 = -l, 5*o + z = -l. Is 4/(8/6) - l composite?
True
Let b be (801/18)/(1/(-2)). Let w = b - -159. Suppose 87 = 4*k - 5*n, k + w = 4*k + n. Is k a prime number?
True
Suppose 3 = -12*g + 9*g. Let j be g*3 - (-3 + -3). Suppose y - 49 = j*o + 24, -4*y - o = -344. Is y composite?
True
Suppose u = 2*a + 5, -2*u - 17 = 6*a - a. Let q = 19 + a. Is 20/q*(3 + 25) a composite number?
True
Suppose 4*h - o = 18801, 5*o - 9373 = -2*h - 0*o. Is h composite?
True
Let h = -120 - -48. Is (314/3)/((-16)/h) composite?
True
Let a(u) = 60*u**2 - 281*u - 13. Is a(16) a prime number?
False
Suppose -2*r + 5*g + 16602 = 0, 0 = 2*r - 4*r - 4*g + 16638. Is r a prime number?
True
Let z(u) = 3*u**3 + 8*u**2 - 3*u - 19. Is z(9) composite?
False
Suppose 5 - 17 = 3*v, 2*v + 102 = 2*t. Suppose 0 = -52*b + t*b + 195. Is b prime?
False
Suppose -9*k + 413248 = -540005. Is k prime?
False
Suppose 2*y - 3*y + 302 = 0. Let j = y - 92. Suppose -5*i + j = -220. Is i a composite number?
True
Let x(l) = l**2 + l + 2. Let o be x(-2). Suppose 1242 = 3*u - f, 4*u - o*f - 2077 = -u. Is u a prime number?
False
Suppose c = 3*c + 74. Let z = 47 + c. Is z a composite number?
True
Let u be 2/(35/10 + -3). Suppose -t - u*t = -645. Is t a prime number?
False
Let v(l) = -l**2 - 3*l + 2. Let b be v(-2). Let u be (b/(-5))/((-44)/1430). Let s = u - -53. Is s a prime number?
True
Suppose 8*s - 6346 - 9342 = 0. Is s prime?
False
Let t = -11858 + 19413. Is t prime?
False
Let z(n) = -n**3 - 7*n**2 + 19*n - 4. Is z(-15) a prime number?
True
Let w be 368/(-10) + (-4)/(-5). Is (3*7928/w)/((-4)/6) prime?
True
Suppose -5*b + 4*b + 7*b = 0. Suppose -3541 = -2*v - 2*v - 5*t, b = v + 3*t - 880. Is v a prime number?
False
Suppose -3*g + 2*m + 8361 = 0, 3*g + m - 4996 = 3356. Is g a composite number?
True
Suppose -2*f + 3*q + 54 = 2*f, -5*q = -10. Let x be (-2)/f + 11982/90. Let y = x - 64. Is y prime?
False
Let l(d) = -d**2 + 8*d + 13. Let h be l(9). Let a(x) = x**3 + x**2 + 3*x + 3. Is a(h) prime?
False
Let t be (-15)/2*(-12)/18. Suppose -15 = -t*u - 3*q, 3*u + 4*q = -0*q + 20. Suppose x = 5*i - 2216 + 231, u = 5*i - 3*x - 1985. Is i composite?
False
Suppose -7*n + 16 = -6*n. Let q be (-533)/(-4) + 12/n. Let m = q + 15. Is m composite?
False
Let f(y) = y**3 + y**2 + 1. Let h(r) = -4*r**2 - 4*r - 5. Let d(b) = -f(b) - h(b). Is d(4) a prime number?
False
Let l = 47 + -49. Is 2 - (l - 0) - -475 composite?
False
Let k be (284/12)/(5/(-30)). Let u = 229 - k. Is u prime?
False
Let c(j) = -1671*j + 14. Is c(-1) prime?
False
Suppose 5*n - 905 + 77 = -4*j, 3*j + 345 = 2*n. Let m = n - -69. Let x = m - 106. Is x composite?
False
Let o(u) be the second derivative of u**5/20 + 4*u**4/3 - 7*u**3/6 + 9*u**2/2 + 7*u. Let n be o(-7). Suppose -n = -q + 422. Is q prime?
False
Suppose -2*w = 5*d + 6, 7*w = 4*w + 4*d + 14. Suppose 245 = 2*n + 3*z, 3*n - 638 = -w*n + z. Is n a prime number?
True
Suppose -3*f + t - 2*t = 2, 5*f + 2*t = -4. Let j be 621 - (0/(-4) - f). Suppose 4*r = 199 + j. Is r a prime number?
False
Let d(b) = -272*b + 145. Is d(-12) prime?
False
Let y(h) = 15*h**3 - 11*h**2 - 6. Is y(10) composite?
True
Suppose -4*t - 1737 = 4*h - 253, h + 375 = t. Let z = 3590 + h. Is z a prime number?
True
Suppose 2*q = 4*i + 10446, 47*q = 45*q - 3*i + 10432. Is q a composite number?
True
Suppose -10*x = -5*x - 2765. Let p = 860 - x. Is p a prime number?
True
Let h = 1303 - 491. Suppose 0 = 9*m - 13*m + h. Is m a prime number?
False
Suppose -5*o = -5*w + 3*w - 35161, -3*o = 3*w - 21084. Is o prime?
False
Let a = 6203 - -8706. Is a a prime number?
False
Suppose 4*z = -12*m + 16*m + 367184, -3*m = 2*z - 183617. Is z a composite number?
False
Let o be ((78/4)/13)/(2/4). Let q(i) = 24*i**2 - 6*i + 5. Is q(o) a composite number?
True
Let q(p) be the third derivative of 1/15*p**5 + 0 + 1/4*p**4 + 1/15*p**6 + 5/6*p**3 + 5*p**2 + 0*p. Is q(6) prime?
True
Let j(c) = 4*c + 3*c + c**2 - 5*c - 6 + 5. Let m be j(-2). Is 8 + (m - 